{"id":276,"date":"2018-02-09T09:25:11","date_gmt":"2018-02-09T08:25:11","guid":{"rendered":"https:\/\/wahrnehmungsfoerderung.de\/sprachtherapie-ehrenfeld\/?page_id=276"},"modified":"2018-02-09T10:46:43","modified_gmt":"2018-02-09T09:46:43","slug":"stoerungen-der-sprachentwicklung-bei-kindern-und-jugendlichen","status":"publish","type":"page","link":"https:\/\/sprachtherapie-koeln.de\/ehrenfeld\/therapie-fuer-kinder-und-jugendliche\/stoerungen-der-sprachentwicklung-bei-kindern-und-jugendlichen\/","title":{"rendered":"St\u00f6rungen der Sprachentwicklung bei Kindern und Jugendlichen"},"content":{"rendered":"<p>Eine gesunde Sprachentwicklung ist wichtiger Bestandteil der menschlichen Gesamtentwicklung. Bei folgenden Auff\u00e4lligkeiten l\u00e4uft die Sprache eines Kindes Gefahr, in ihrer Entwicklungsdynamik beeintr\u00e4chtigt zu sein oder sie ist bereits manifest vom Normalverlauf abweichend:<\/p>\n<ul>\n<li>bei der Auswahl und Verwendung von Lauten<\/li>\n<li>beim Sprachverst\u00e4ndnis,<\/li>\n<li>beim Wortschatz (Abruf und Verwendung situationsangemessener W\u00f6rter),<\/li>\n<li>beim Satzbau,<\/li>\n<li>bei der Artikulation,<\/li>\n<li>beim Sprechrhythmus bzw. Sprechablauf,<\/li>\n<li>beim Kommunikationsverhalten.<\/li>\n<\/ul>\n<p>Kinder mit Sprachentwicklungsverz\u00f6gerungen (<span class=\"caps\">SEV<\/span>) bzw. spezifischen Sprachentwicklungsst\u00f6rungen (<span class=\"caps\">SSES<\/span>) weichen in ihren sprachlichen Kompetenzen von der normalen Entwicklung ab.<br>\nJe nach Schweregrad der Sprachentwicklungsproblematik ist entweder ein Teilbereich betroffen oder gleich mehrere oder alle Bereiche sind auff\u00e4llig.<\/p>\n<p><strong>Sprachverst\u00e4ndnisst\u00f6rungen<\/strong><br>\nEine St\u00f6rung des Verst\u00e4ndnisses geh\u00f6rter Sprache liegt vor, wenn das Kind nicht ad\u00e4quat auf seinem Alter angemessen ausgew\u00e4hlte W\u00f6rter oder S\u00e4tze reagiert. Dabei kann das Geh\u00f6r durchaus in Ordnung sein. Betroffen ist die nach dem peripheren H\u00f6reindruck stattfindende interne, das hei\u00dft in den H\u00f6rzentren des Gehirns stattfindende Verarbeitung. Dies kann viele Ursachen haben. Z.B. kann eine sog. zentral-auditive Wahrnehmungs- und \u2011verarbeitungsst\u00f6rung vorliegen. Auch die F\u00e4higkeit, zwischen wahrgenommenen Lauten unterscheiden zu k\u00f6nnen, kann betroffen sein \u2013 und dies mit durchaus gravierenden Folgen, denn oft unterscheiden sich W\u00f6rter nur in einem Laut voneinander. Auch die H\u00f6rged\u00e4chtnisspanne kann betroffen sein. Als Folge all dieser Defizite ist das Kind z.B. nicht in der Lage, kurze oder auch komplexere \u00c4u\u00dferungen hinreichend zu verstehen oder auf gesprochene Anweisungen zu reagieren. Es kann dabei den \u201ekommunikativen Faden\u201c verlieren und versteht \u00fcbergreifende Gespr\u00e4chseinheiten nicht oder nur unzul\u00e4nglich.<br>\nIst das System der deutschen Laute vom Kind im Rahmen seiner Sprachentwicklung nicht so \u00fcbernommen worden, dass es mit der Lautauswahl der anderen Sprachteilnehmer \u00fcbereinstimmt, spricht man von sog. phonologischen St\u00f6rungen, bei denen die Laute zwar oft prinzipiell artikuliert werden k\u00f6nnen, jedoch noch nicht (rezeptiv) verstanden oder (produktiv) eingesetzt werden. Bei&nbsp;<strong>phonologischen St\u00f6rungen<\/strong>&nbsp;kommt es h\u00e4ufig zu falschen Verwendungen von Lauten, so dass ungewollt falsche W\u00f6rter verstanden bzw. gesprochen werden k\u00f6nnen.<\/p>\n<p><strong>Artikulationsst\u00f6rungen<\/strong>&nbsp;(auch Dyslalien genannt) liegen vor, wenn einer oder mehrere Laute nicht gebildet werden k\u00f6nnen und daher entweder ausgelassen oder durch Umformung in andere Laute ersetzt werden. Die kindlichen \u00c4u\u00dferungen klingen dann undeutlich und sind z. T. so entstellt, dass Personen, die nicht zum direkten Umfeld des Kindes geh\u00f6ren, das Kind nicht verstehen k\u00f6nnen. Prinzipiell k\u00f6nnen alle Laute betroffen sein. Urs\u00e4chlich kann das Kind hochspezialisierte motorische Bewegungsmuster bei der Artikulation (Anbildung der Laute im Mundbereich)&nbsp; nicht programmieren oder ausf\u00fchren.<\/p>\n<p>Hier einige Beispiele:<br>\n\u201eSule\u201c f\u00fcr \u201eSchule\u201c: Ersetzen des \/sch\/ durch \/s\/<br>\n\u201cTopf\u201c f\u00fcr \u201eKopf\u201c: Ersetzen des \/k\/ durch \/t\/<br>\n\u201eBot\u201c f\u00fcr \u201eBrot\u201c: Auslassen des \/r\/ bei der Konsonantenverbindung \u201ebr-\u201e<br>\n\u201eheits\u201c f\u00fcr \u201ehei\u00dft\u201c: Vertauschung von \u201e-st\u201c in \u201e-ts\u201c<\/p>\n<p>Die h\u00e4ufigste Form einer Aussprachest\u00f6rung ist das Lispeln (eine Fehlbildung der Laute \/s\/ und \/z\/). Es handelt sich um eine Schw\u00e4che der Zungenmuskulatur und ihrer Bewegungs-Koordination beim komplexen Sprechvorgang. Das Lispeln geht oft einher mit Zahnfehlstellungen, weshalb es f\u00fcr die Sprachtherapeutin oftmals sinnvoll ist, eng mit dem behandelnden Zahnarzt bzw. Kieferorthop\u00e4den zusammenzuarbeiten. \u00dcbrigens: Oft treten St\u00f6rungen der Artikulation mit den oben erw\u00e4hnten phonologischen St\u00f6rungen gemeinsam auf. Hier m\u00fcssen diagnostisch pr\u00e4zise Unterscheidungen getroffen werden, um einen zielf\u00fchrenden Behandlungsansatz ausw\u00e4hlen zu k\u00f6nnen.<\/p>\n<p>Der menschliche&nbsp;<strong>Wortschatz<\/strong>&nbsp;kann mit einem Lexikon verglichen werden. Ein&nbsp;<strong>Lexikon<\/strong>&nbsp;zeichnet sich durch eine auseichende Menge an Worteintr\u00e4gen und die effiziente Auffindbarkeit dieser W\u00f6rter entlang einer Binnensortierung aus. Ein Lexikon funktioniert dann nicht, wenn Seiten herausgerissen wurden, wenn W\u00f6rter fehlerhaft oder an der falschen Stelle abgedruckt wurden. Eine&nbsp;<strong>St\u00f6rung des Wortschatzes<\/strong>&nbsp;kann vorliegen, wenn das Kind nicht gen\u00fcgend W\u00f6rter lernen (also abspeichern) konnte bzw. bereits abgespeicherte W\u00f6rter nicht oder nicht schnell genug aus seinem Wortged\u00e4chtnis abrufen kann. Auch der Aufbau, die interne Ordnung des Wortschatzes kann betroffen sein, so dass schon gelernte W\u00f6rter nicht hinreichend nach Ober- und Unterbegriffen, Wortfamilien und Bedeutungsfeldern geordnet sind. Prinzipiell bemisst sich die Funktion des Wortschatzes an seiner praktischen Relevanz. Das hei\u00dft, dass das Kind gen\u00fcgend W\u00f6rter zur Verf\u00fcgung haben sollte, um Dinge, T\u00e4tigkeiten, Ereignisse, Eigenschaften, r\u00e4umliche oder zeitliche Verh\u00e4ltnisse etc. zu benennen und sich \u00fcber sie sprachlich zu verst\u00e4ndigen. Liegt eine Wortschatzproblematik vor, l\u00e4sst das Kind W\u00f6rter aus, stockt in seiner Rede oder beginnt das fehlende Wort zu umschreiben. Erz\u00e4hlungen klingen dann sehr unkonkret und bed\u00fcrfen einiger Nachfragen von Seiten des Zuh\u00f6rers. Z.T. dr\u00fcckt sich ein zu geringer Wortschatz auch in einer allgemeinen Spracharmut des Kindes aus, die es z.T. gestisch zu kompensieren versucht.<\/p>\n<p>Stehen einem Kind im Alter von zwei Jahren nicht durchschnittlich 50 W\u00f6rter zur Verf\u00fcgung und spricht es nur in \u00e4u\u00dferst einfachen S\u00e4tzen (z.B. in Einworts\u00e4tzen), dann spricht man von einem sog.&nbsp;<strong>\u201eLate Talker\u201c<\/strong>. Um die f\u00fcr den Wortschatzaufbau g\u00fcnstige Entwicklungsphase des Kindes ausnutzen zu k\u00f6nnen, ist eine sprachtherapeutische Unterst\u00fctzung bzw. ein speziell daf\u00fcr entwickeltes Elterntraining solcher Kinder dringend anzuraten.<\/p>\n<p>Nicht selten weisen auch&nbsp;<strong>Kinder mit einem Migrationshintergrund<\/strong>, die in zwei Sprachen zugleich aufwachsen, einen verz\u00f6gerten oder inkompletten Wortschatz auf. Besonders zu vermeiden ist der sog. \u201eSemilingualismus\u201c, bei dem das Kind keine der beiden Sprachen richtig verwendet.&nbsp; Sprachentwicklungsverz\u00f6gerungen bei Zweisprachigkeit sind ein wichtiger Behandlungsschwerpunkt unserer Praxis.<br>\nOberhalb der Ebene von Einzelw\u00f6rtern bildet der Mensch S\u00e4tze. Im Satz werden W\u00f6rter oft ver\u00e4ndert, weil sie aneinander angepasst werden m\u00fcssen. Eine St\u00f6rung der Grammatik (Dysgrammatismus) liegt vor, wenn das Kind in diesem Bereich konstante Probleme aufweist, indem&nbsp;es<\/p>\n<ul>\n<li>die Anpassung der W\u00f6rter aneinander nicht oder falsch vollzieht (Bsp.: \u201eIch&nbsp;gehen.\u201c),<\/li>\n<li>die regul\u00e4re Stellung der W\u00f6rter zueinander verdreht (Bsp.:\u201eIch das haben wollen.\u201c),<\/li>\n<li>nur einfache Satzstrukturen produziert, wo eigentlich komplexere S\u00e4tze notwendig w\u00e4ren (dies kann bis hin zu sog. Einworts\u00e4tzen gehen, in denen das Kind gr\u00f6\u00dfere Aussageninhalte in nur einem Wort zusammenfasst; Bsp.: \u201eBall\u201c kann in einer bestimmten Situation hei\u00dfen: \u201eTim hat mir den Ball weggenommen.\u201c),<\/li>\n<\/ul>\n<p>bestimmte Wort- und Satzstrukturen auff\u00e4llig h\u00e4ufig fehl bildet bzw. falsch in den Satz einbettet (Bsp.: Pluralformen, Orts- und Zeitbestimmungen [Pr\u00e4positionen], Fallformen, Zeitformen [z.B. Vergangenheitsform] u.v.m.)<\/p>\n<p>Die Therapie der Sprachentwicklungsst\u00f6rung muss aufgrund der Komplexit\u00e4t von Sprache mehrdimensional aufgebaut werden. Alle beeintr\u00e4chtigten Bereiche werden behandelt, Grundlagen (Bsp.: die H\u00f6rverarbeitung) werden als Voraussetzung basal geschult, um ein gezieltes Arbeiten an den o.g. spezifischen Problemen zu erm\u00f6glichen.<\/p>\n<p>Die Behandlung der Sprachentwicklungsst\u00f6rung ist u.a. wichtig, um weiteren Problemen wie z.B. der Lese-Rechtschreibschw\u00e4che vorzubeugen.<\/p>\n","protected":false},"excerpt":{"rendered":"<p>Eine gesunde Sprachentwicklung ist wichtiger Bestandteil der menschlichen Gesamtentwicklung. Bei folgenden Auff\u00e4lligkeiten l\u00e4uft die Sprache eines Kindes Gefahr, in ihrer Entwicklungsdynamik beeintr\u00e4chtigt zu sein oder sie ist bereits manifest vom Normalverlauf abweichend: bei der Auswahl und Verwendung von Lauten beim<\/p>\n","protected":false},"author":1,"featured_media":0,"parent":44,"menu_order":0,"comment_status":"closed","ping_status":"closed","template":"","meta":{"wp_typography_post_enhancements_disabled":false,"footnotes":""},"tags":[],"class_list":["post-276","page","type-page","status-publish","hentry"],"_links":{"self":[{"href":"https:\/\/sprachtherapie-koeln.de\/ehrenfeld\/wp-json\/wp\/v2\/pages\/276","targetHints":{"allow":["GET"]}}],"collection":[{"href":"https:\/\/sprachtherapie-koeln.de\/ehrenfeld\/wp-json\/wp\/v2\/pages"}],"about":[{"href":"https:\/\/sprachtherapie-koeln.de\/ehrenfeld\/wp-json\/wp\/v2\/types\/page"}],"author":[{"embeddable":true,"href":"https:\/\/sprachtherapie-koeln.de\/ehrenfeld\/wp-json\/wp\/v2\/users\/1"}],"replies":[{"embeddable":true,"href":"https:\/\/sprachtherapie-koeln.de\/ehrenfeld\/wp-json\/wp\/v2\/comments?post=276"}],"version-history":[{"count":1,"href":"https:\/\/sprachtherapie-koeln.de\/ehrenfeld\/wp-json\/wp\/v2\/pages\/276\/revisions"}],"predecessor-version":[{"id":277,"href":"https:\/\/sprachtherapie-koeln.de\/ehrenfeld\/wp-json\/wp\/v2\/pages\/276\/revisions\/277"}],"up":[{"embeddable":true,"href":"https:\/\/sprachtherapie-koeln.de\/ehrenfeld\/wp-json\/wp\/v2\/pages\/44"}],"wp:attachment":[{"href":"https:\/\/sprachtherapie-koeln.de\/ehrenfeld\/wp-json\/wp\/v2\/media?parent=276"}],"wp:term":[{"taxonomy":"post_tag","embeddable":true,"href":"https:\/\/sprachtherapie-koeln.de\/ehrenfeld\/wp-json\/wp\/v2\/tags?post=276"}],"curies":[{"name":"wp","href":"https:\/\/api.w.org\/{rel}","templated":true}]}}

Störungen der Sprachentwicklung bei Kindern und Jugendlichen

<p>Eine gesunde Sprachentwicklung ist wichtiger Bestandteil der menschlichen Gesamtentwicklung. Bei folgenden Auffälligkeiten läuft die Sprache eines Kindes Gefahr, in ihrer Entwicklungsdynamik beeinträchtigt zu sein oder sie ist bereits manifest vom Normalverlauf abweichend:</p>
<ul>
<li>bei der Auswahl und Verwendung von Lauten</li>
<li>beim Sprachverständnis,</li>
<li>beim Wortschatz (Abruf und Verwendung situationsangemessener Wörter),</li>
<li>beim Satzbau,</li>
<li>bei der Artikulation,</li>
<li>beim Sprechrhythmus bzw. Sprechablauf,</li>
<li>beim Kommunikationsverhalten.</li>
</ul>
<p>Kinder mit Sprachentwicklungsverzögerungen (<span class="caps">SEV</span>) bzw. spezifischen Sprachentwicklungsstörungen (<span class="caps">SSES</span>) weichen in ihren sprachlichen Kompetenzen von der normalen Entwicklung ab.<br>
Je nach Schweregrad der Sprachentwicklungsproblematik ist entweder ein Teilbereich betroffen oder gleich mehrere oder alle Bereiche sind auffällig.</p>
<p><strong>Sprachverständnisstörungen</strong><br>
Eine Störung des Verständnisses gehörter Sprache liegt vor, wenn das Kind nicht adäquat auf seinem Alter angemessen ausgewählte Wörter oder Sätze reagiert. Dabei kann das Gehör durchaus in Ordnung sein. Betroffen ist die nach dem peripheren Höreindruck stattfindende interne, das heißt in den Hörzentren des Gehirns stattfindende Verarbeitung. Dies kann viele Ursachen haben. Z.B. kann eine sog. zentral-auditive Wahrnehmungs- und ‑verarbeitungsstörung vorliegen. Auch die Fähigkeit, zwischen wahrgenommenen Lauten unterscheiden zu können, kann betroffen sein – und dies mit durchaus gravierenden Folgen, denn oft unterscheiden sich Wörter nur in einem Laut voneinander. Auch die Hörgedächtnisspanne kann betroffen sein. Als Folge all dieser Defizite ist das Kind z.B. nicht in der Lage, kurze oder auch komplexere Äußerungen hinreichend zu verstehen oder auf gesprochene Anweisungen zu reagieren. Es kann dabei den „kommunikativen Faden“ verlieren und versteht übergreifende Gesprächseinheiten nicht oder nur unzulänglich.<br>
Ist das System der deutschen Laute vom Kind im Rahmen seiner Sprachentwicklung nicht so übernommen worden, dass es mit der Lautauswahl der anderen Sprachteilnehmer übereinstimmt, spricht man von sog. phonologischen Störungen, bei denen die Laute zwar oft prinzipiell artikuliert werden können, jedoch noch nicht (rezeptiv) verstanden oder (produktiv) eingesetzt werden. Bei&nbsp;<strong>phonologischen Störungen</strong>&nbsp;kommt es häufig zu falschen Verwendungen von Lauten, so dass ungewollt falsche Wörter verstanden bzw. gesprochen werden können.</p>
<p><strong>Artikulationsstörungen</strong>&nbsp;(auch Dyslalien genannt) liegen vor, wenn einer oder mehrere Laute nicht gebildet werden können und daher entweder ausgelassen oder durch Umformung in andere Laute ersetzt werden. Die kindlichen Äußerungen klingen dann undeutlich und sind z. T. so entstellt, dass Personen, die nicht zum direkten Umfeld des Kindes gehören, das Kind nicht verstehen können. Prinzipiell können alle Laute betroffen sein. Ursächlich kann das Kind hochspezialisierte motorische Bewegungsmuster bei der Artikulation (Anbildung der Laute im Mundbereich)&nbsp; nicht programmieren oder ausführen.</p>
<p>Hier einige Beispiele:<br>
„Sule“ für „Schule“: Ersetzen des /sch/ durch /s/<br>
“Topf“ für „Kopf“: Ersetzen des /k/ durch /t/<br>
„Bot“ für „Brot“: Auslassen des /r/ bei der Konsonantenverbindung „br-„<br>
„heits“ für „heißt“: Vertauschung von „-st“ in „-ts“</p>
<p>Die häufigste Form einer Aussprachestörung ist das Lispeln (eine Fehlbildung der Laute /s/ und /z/). Es handelt sich um eine Schwäche der Zungenmuskulatur und ihrer Bewegungs-Koordination beim komplexen Sprechvorgang. Das Lispeln geht oft einher mit Zahnfehlstellungen, weshalb es für die Sprachtherapeutin oftmals sinnvoll ist, eng mit dem behandelnden Zahnarzt bzw. Kieferorthopäden zusammenzuarbeiten. Übrigens: Oft treten Störungen der Artikulation mit den oben erwähnten phonologischen Störungen gemeinsam auf. Hier müssen diagnostisch präzise Unterscheidungen getroffen werden, um einen zielführenden Behandlungsansatz auswählen zu können.</p>
<p>Der menschliche&nbsp;<strong>Wortschatz</strong>&nbsp;kann mit einem Lexikon verglichen werden. Ein&nbsp;<strong>Lexikon</strong>&nbsp;zeichnet sich durch eine auseichende Menge an Worteinträgen und die effiziente Auffindbarkeit dieser Wörter entlang einer Binnensortierung aus. Ein Lexikon funktioniert dann nicht, wenn Seiten herausgerissen wurden, wenn Wörter fehlerhaft oder an der falschen Stelle abgedruckt wurden. Eine&nbsp;<strong>Störung des Wortschatzes</strong>&nbsp;kann vorliegen, wenn das Kind nicht genügend Wörter lernen (also abspeichern) konnte bzw. bereits abgespeicherte Wörter nicht oder nicht schnell genug aus seinem Wortgedächtnis abrufen kann. Auch der Aufbau, die interne Ordnung des Wortschatzes kann betroffen sein, so dass schon gelernte Wörter nicht hinreichend nach Ober- und Unterbegriffen, Wortfamilien und Bedeutungsfeldern geordnet sind. Prinzipiell bemisst sich die Funktion des Wortschatzes an seiner praktischen Relevanz. Das heißt, dass das Kind genügend Wörter zur Verfügung haben sollte, um Dinge, Tätigkeiten, Ereignisse, Eigenschaften, räumliche oder zeitliche Verhältnisse etc. zu benennen und sich über sie sprachlich zu verständigen. Liegt eine Wortschatzproblematik vor, lässt das Kind Wörter aus, stockt in seiner Rede oder beginnt das fehlende Wort zu umschreiben. Erzählungen klingen dann sehr unkonkret und bedürfen einiger Nachfragen von Seiten des Zuhörers. Z.T. drückt sich ein zu geringer Wortschatz auch in einer allgemeinen Spracharmut des Kindes aus, die es z.T. gestisch zu kompensieren versucht.</p>
<p>Stehen einem Kind im Alter von zwei Jahren nicht durchschnittlich 50 Wörter zur Verfügung und spricht es nur in äußerst einfachen Sätzen (z.B. in Einwortsätzen), dann spricht man von einem sog.&nbsp;<strong>„Late Talker“</strong>. Um die für den Wortschatzaufbau günstige Entwicklungsphase des Kindes ausnutzen zu können, ist eine sprachtherapeutische Unterstützung bzw. ein speziell dafür entwickeltes Elterntraining solcher Kinder dringend anzuraten.</p>
<p>Nicht selten weisen auch&nbsp;<strong>Kinder mit einem Migrationshintergrund</strong>, die in zwei Sprachen zugleich aufwachsen, einen verzögerten oder inkompletten Wortschatz auf. Besonders zu vermeiden ist der sog. „Semilingualismus“, bei dem das Kind keine der beiden Sprachen richtig verwendet.&nbsp; Sprachentwicklungsverzögerungen bei Zweisprachigkeit sind ein wichtiger Behandlungsschwerpunkt unserer Praxis.<br>
Oberhalb der Ebene von Einzelwörtern bildet der Mensch Sätze. Im Satz werden Wörter oft verändert, weil sie aneinander angepasst werden müssen. Eine Störung der Grammatik (Dysgrammatismus) liegt vor, wenn das Kind in diesem Bereich konstante Probleme aufweist, indem&nbsp;es</p>
<ul>
<li>die Anpassung der Wörter aneinander nicht oder falsch vollzieht (Bsp.: „Ich&nbsp;gehen.“),</li>
<li>die reguläre Stellung der Wörter zueinander verdreht (Bsp.:„Ich das haben wollen.“),</li>
<li>nur einfache Satzstrukturen produziert, wo eigentlich komplexere Sätze notwendig wären (dies kann bis hin zu sog. Einwortsätzen gehen, in denen das Kind größere Aussageninhalte in nur einem Wort zusammenfasst; Bsp.: „Ball“ kann in einer bestimmten Situation heißen: „Tim hat mir den Ball weggenommen.“),</li>
</ul>
<p>bestimmte Wort- und Satzstrukturen auffällig häufig fehl bildet bzw. falsch in den Satz einbettet (Bsp.: Pluralformen, Orts- und Zeitbestimmungen [Präpositionen], Fallformen, Zeitformen [z.B. Vergangenheitsform] u.v.m.)</p>
<p>Die Therapie der Sprachentwicklungsstörung muss aufgrund der Komplexität von Sprache mehrdimensional aufgebaut werden. Alle beeinträchtigten Bereiche werden behandelt, Grundlagen (Bsp.: die Hörverarbeitung) werden als Voraussetzung basal geschult, um ein gezieltes Arbeiten an den o.g. spezifischen Problemen zu ermöglichen.</p>
<p>Die Behandlung der Sprachentwicklungsstörung ist u.a. wichtig, um weiteren Problemen wie z.B. der Lese-Rechtschreibschwäche vorzubeugen.</p>

<p>Eine gesunde Sprachentwicklung ist wichtiger Bestandteil der menschlichen Gesamtentwicklung. Bei folgenden Auffälligkeiten läuft die Sprache eines Kindes Gefahr, in ihrer Entwicklungsdynamik beeinträchtigt zu sein oder sie ist bereits manifest vom Normalverlauf abweichend: bei der Auswahl und Verwendung von Lauten beim</p>
