{"id":227,"date":"2018-02-12T09:58:20","date_gmt":"2018-02-12T08:58:20","guid":{"rendered":"https:\/\/wahrnehmungsfoerderung.de\/sprachtherapie-koeln\/?page_id=227"},"modified":"2018-02-12T09:58:20","modified_gmt":"2018-02-12T08:58:20","slug":"schriftspracherwerbsstoerung-lese-rechtschreibschwaeche-legasthenie","status":"publish","type":"page","link":"https:\/\/sprachtherapie-koeln.de\/hoehenberg\/therapie-fuer-kinder-und-jugendliche\/schriftspracherwerbsstoerung-lese-rechtschreibschwaeche-legasthenie\/","title":{"rendered":"Schriftspracherwerbsst\u00f6rung \u2014 Lese-\/Rechtschreibschw\u00e4che (Legasthenie)"},"content":{"rendered":"<p>Mit diesen drei Begriffen wird eine Schw\u00e4che in der Entwicklung der Schriftsprache beschrieben, die sich im Prozess des Erwerbs der Lese- und Schreibf\u00e4higkeit \u00e4u\u00dfert, sich aber gegebenenfalls auch schon im Vorfeld der Einschulung anhand bestimmter Defizite ahnen&nbsp;l\u00e4sst.<br>\nDie Legasthenie geh\u00f6rt zu den sog. Teilleistungsschw\u00e4chen, hat also oft nichts mit der allgemeinen Denk- und Wahrnehmungsentwicklung zu tun. St\u00f6rungen des Lesen- und Schreibenlernens k\u00f6nnen sich auf unterschiedlichste Arten und Weisen ank\u00fcndigen bzw. manifestieren. Das Defizitspektrum erstreckt sich dabei vom v\u00f6lligen Scheitern beim Erlernen von Buchstaben bzw. Buchstaben-Laut-Beziehungen bis hin zu Abweichungen bei der Rechtschreibung, der Lesesinnentnahme oder auch der Lesegeschwindigkeit. Dazwischen liegen zahlreiche Typen systematischer Fehlleistungen wie zum Teil auch h\u00f6chst individueller Defizite.<br>\nInsgesamt k\u00f6nnen Fehlentwicklungen des Lesen- und Schreibenlernens heutzutage durchaus treffsicher diagnostiziert und in der Folge auch behandelt werden. Dazu bedarf es enger Kooperationen zwischen Sprach- und Lerntherapeuten, Lehrern, \u00c4rzten (Kinder\u00e4rzten bzw. Kinder- und Jugendpsychiatern) und Eltern.<br>\nNicht selten basieren Lese-\/Rechtschreibschw\u00e4chen auf logop\u00e4disch relevanten Sachverhalten wie zum Beispiel Lautunterscheidungsproblemen. Besondere Relevanz hat gerade in letzter Zeit der Begriff der \u201ephonologischen Bewusstheit\u201c gewonnen, der als Sammelbecken f\u00fcr viele der Schriftsprache vorausgehenden Vorl\u00e4uferf\u00e4higkeiten dient.<br>\nEine basal ansetzende, systematisch geplante und fachgerecht durchgef\u00fchrte Therapie setzt zwar den Einsatz erheblicher Zeit- und Kraftressourcen voraus, lohnt sich jedoch au\u00dferordentlich wegen ihrer das Kind entlastenden Ergebnisse.<br>\nLiegt der Lese-Rechtschreibschw\u00e4che eine logop\u00e4disch&nbsp; relevante Problematik zugrunde \u2013 und dies ist h\u00e4ufig der Fall, wenn zuvor schon eine Sprachentwicklungsst\u00f6rung vorlag -, dann kann die Problematik im Rahmen einer Sprachtherapie behandelt werden.<br>\nLiegt dazu keine entsprechende \u00e4rztliche Verordnung vor, kann die Behandlung privat bezahlt werden. F\u00f6rderm\u00f6glichkeiten \u00fcber die Stadt K\u00f6ln sind auch m\u00f6glich, wenn ein sog. \u201eau\u00dferschulischer F\u00f6rderungsbedarf\u201c festgestellt wird. Informationen \u00fcber das Verfahren und seinen Ablauf geben wir Ihnen gerne telefonisch.<\/p>\n","protected":false},"excerpt":{"rendered":"<p>Mit diesen drei Begriffen wird eine Schw\u00e4che in der Entwicklung der Schriftsprache beschrieben, die sich im Prozess des Erwerbs der Lese- und Schreibf\u00e4higkeit \u00e4u\u00dfert, sich aber gegebenenfalls auch schon im Vorfeld der Einschulung anhand bestimmter Defizite ahnen&nbsp;l\u00e4sst. Die Legasthenie geh\u00f6rt<\/p>\n","protected":false},"author":1,"featured_media":0,"parent":100,"menu_order":0,"comment_status":"closed","ping_status":"closed","template":"","meta":{"wp_typography_post_enhancements_disabled":false,"footnotes":""},"tags":[],"class_list":["post-227","page","type-page","status-publish","hentry"],"_links":{"self":[{"href":"https:\/\/sprachtherapie-koeln.de\/hoehenberg\/wp-json\/wp\/v2\/pages\/227","targetHints":{"allow":["GET"]}}],"collection":[{"href":"https:\/\/sprachtherapie-koeln.de\/hoehenberg\/wp-json\/wp\/v2\/pages"}],"about":[{"href":"https:\/\/sprachtherapie-koeln.de\/hoehenberg\/wp-json\/wp\/v2\/types\/page"}],"author":[{"embeddable":true,"href":"https:\/\/sprachtherapie-koeln.de\/hoehenberg\/wp-json\/wp\/v2\/users\/1"}],"replies":[{"embeddable":true,"href":"https:\/\/sprachtherapie-koeln.de\/hoehenberg\/wp-json\/wp\/v2\/comments?post=227"}],"version-history":[{"count":1,"href":"https:\/\/sprachtherapie-koeln.de\/hoehenberg\/wp-json\/wp\/v2\/pages\/227\/revisions"}],"predecessor-version":[{"id":228,"href":"https:\/\/sprachtherapie-koeln.de\/hoehenberg\/wp-json\/wp\/v2\/pages\/227\/revisions\/228"}],"up":[{"embeddable":true,"href":"https:\/\/sprachtherapie-koeln.de\/hoehenberg\/wp-json\/wp\/v2\/pages\/100"}],"wp:attachment":[{"href":"https:\/\/sprachtherapie-koeln.de\/hoehenberg\/wp-json\/wp\/v2\/media?parent=227"}],"wp:term":[{"taxonomy":"post_tag","embeddable":true,"href":"https:\/\/sprachtherapie-koeln.de\/hoehenberg\/wp-json\/wp\/v2\/tags?post=227"}],"curies":[{"name":"wp","href":"https:\/\/api.w.org\/{rel}","templated":true}]}}

Schriftspracherwerbsstörung — Lese-/Rechtschreibschwäche (Legasthenie)

<p>Mit diesen drei Begriffen wird eine Schwäche in der Entwicklung der Schriftsprache beschrieben, die sich im Prozess des Erwerbs der Lese- und Schreibfähigkeit äußert, sich aber gegebenenfalls auch schon im Vorfeld der Einschulung anhand bestimmter Defizite ahnen&nbsp;lässt.<br>
Die Legasthenie gehört zu den sog. Teilleistungsschwächen, hat also oft nichts mit der allgemeinen Denk- und Wahrnehmungsentwicklung zu tun. Störungen des Lesen- und Schreibenlernens können sich auf unterschiedlichste Arten und Weisen ankündigen bzw. manifestieren. Das Defizitspektrum erstreckt sich dabei vom völligen Scheitern beim Erlernen von Buchstaben bzw. Buchstaben-Laut-Beziehungen bis hin zu Abweichungen bei der Rechtschreibung, der Lesesinnentnahme oder auch der Lesegeschwindigkeit. Dazwischen liegen zahlreiche Typen systematischer Fehlleistungen wie zum Teil auch höchst individueller Defizite.<br>
Insgesamt können Fehlentwicklungen des Lesen- und Schreibenlernens heutzutage durchaus treffsicher diagnostiziert und in der Folge auch behandelt werden. Dazu bedarf es enger Kooperationen zwischen Sprach- und Lerntherapeuten, Lehrern, Ärzten (Kinderärzten bzw. Kinder- und Jugendpsychiatern) und Eltern.<br>
Nicht selten basieren Lese-/Rechtschreibschwächen auf logopädisch relevanten Sachverhalten wie zum Beispiel Lautunterscheidungsproblemen. Besondere Relevanz hat gerade in letzter Zeit der Begriff der „phonologischen Bewusstheit“ gewonnen, der als Sammelbecken für viele der Schriftsprache vorausgehenden Vorläuferfähigkeiten dient.<br>
Eine basal ansetzende, systematisch geplante und fachgerecht durchgeführte Therapie setzt zwar den Einsatz erheblicher Zeit- und Kraftressourcen voraus, lohnt sich jedoch außerordentlich wegen ihrer das Kind entlastenden Ergebnisse.<br>
Liegt der Lese-Rechtschreibschwäche eine logopädisch&nbsp; relevante Problematik zugrunde – und dies ist häufig der Fall, wenn zuvor schon eine Sprachentwicklungsstörung vorlag -, dann kann die Problematik im Rahmen einer Sprachtherapie behandelt werden.<br>
Liegt dazu keine entsprechende ärztliche Verordnung vor, kann die Behandlung privat bezahlt werden. Fördermöglichkeiten über die Stadt Köln sind auch möglich, wenn ein sog. „außerschulischer Förderungsbedarf“ festgestellt wird. Informationen über das Verfahren und seinen Ablauf geben wir Ihnen gerne telefonisch.</p>

<p>Mit diesen drei Begriffen wird eine Schwäche in der Entwicklung der Schriftsprache beschrieben, die sich im Prozess des Erwerbs der Lese- und Schreibfähigkeit äußert, sich aber gegebenenfalls auch schon im Vorfeld der Einschulung anhand bestimmter Defizite ahnen&nbsp;lässt. Die Legasthenie gehört</p>
