{"id":252,"date":"2018-02-12T10:09:13","date_gmt":"2018-02-12T09:09:13","guid":{"rendered":"https:\/\/wahrnehmungsfoerderung.de\/sprachtherapie-koeln\/?page_id=252"},"modified":"2018-02-12T10:09:13","modified_gmt":"2018-02-12T09:09:13","slug":"sprechablaufstoerungen-bei-erwachsenen","status":"publish","type":"page","link":"https:\/\/sprachtherapie-koeln.de\/hoehenberg\/therapie-fuer-erwachsene\/sprechablaufstoerungen-bei-erwachsenen\/","title":{"rendered":"Sprechablaufst\u00f6rungen bei Erwachsenen"},"content":{"rendered":"<p>a)&nbsp;<strong>Stottern bei Erwachsenen<\/strong><br>\n\u00c4hnlich wie bei Kindern wird auch bei stotternden Erwachsenen der Redefluss durch Wiederholungen, Blockaden und Dehnungen unterbrochen. Teilweise zeigt der Patient Mitbewegungen des K\u00f6rpers oder Grimassieren und das sog. Vermeidungsverhalten, in dem er bestimmte sprachliche Anl\u00e4sse oder gef\u00fcrchtete Laute umgeht. Unsere Therapie ist stark an C. van Riper angelehnt, der daf\u00fcr pl\u00e4diert, dass der Patient sein Stottern genau untersucht und erkennt, sich dadurch desensibilisiert und vorwegnehmende Kommunikations-\u00c4ngste abbaut. Das Sprechen wird danach ver\u00e4ndert erlernt und in Rollenspielen oder Trainings im Alltag gefestigt (In-vivo-Training), alles zusammen mit der Therapeutin, die den Patienten hierbei begleitet.<\/p>\n<p>b)&nbsp;<strong>Poltern bei Erwachsenen<\/strong><br>\nDas Poltern zeichnet sich durch einen hastig-\u00fcbereilten Sprechablauf, auff\u00e4llige Verschiebungen bei der Betonung und ein sehr schnelles Sprechtempo aus, so dass einzelne Silben und W\u00f6rter verschluckt werden und S\u00e4tze oft neu angesetzt werden. Es handelt sich beim Poltern um eine schon im Sprechplanungsstadium ansetzende Problematik. Die Kommunikation mit einem polternden Menschen f\u00fchrt sein Gegen\u00fcber oft zu Nachfragen, da der Informationstransfer nur bruchst\u00fcckhaft stattfindet und die kommunikative Absicht des Sprechers nur schlecht verstanden wird.<br>\nIn unseren Therapien wird ein Wahrnehmungstraining angeboten, mit dem der Patient in der Lage ist, sein Sprechverhalten selbst zu kontrollieren, zu schnelle Phasen zu identifizieren und so letztlich im Alltag langsamer zu sprechen.<\/p>\n","protected":false},"excerpt":{"rendered":"<p>a)&nbsp;Stottern bei Erwachsenen \u00c4hnlich wie bei Kindern wird auch bei stotternden Erwachsenen der Redefluss durch Wiederholungen, Blockaden und Dehnungen unterbrochen. Teilweise zeigt der Patient Mitbewegungen des K\u00f6rpers oder Grimassieren und das sog. Vermeidungsverhalten, in dem er bestimmte sprachliche Anl\u00e4sse oder<\/p>\n","protected":false},"author":1,"featured_media":0,"parent":103,"menu_order":0,"comment_status":"closed","ping_status":"closed","template":"","meta":{"wp_typography_post_enhancements_disabled":false,"footnotes":""},"tags":[],"class_list":["post-252","page","type-page","status-publish","hentry"],"_links":{"self":[{"href":"https:\/\/sprachtherapie-koeln.de\/hoehenberg\/wp-json\/wp\/v2\/pages\/252","targetHints":{"allow":["GET"]}}],"collection":[{"href":"https:\/\/sprachtherapie-koeln.de\/hoehenberg\/wp-json\/wp\/v2\/pages"}],"about":[{"href":"https:\/\/sprachtherapie-koeln.de\/hoehenberg\/wp-json\/wp\/v2\/types\/page"}],"author":[{"embeddable":true,"href":"https:\/\/sprachtherapie-koeln.de\/hoehenberg\/wp-json\/wp\/v2\/users\/1"}],"replies":[{"embeddable":true,"href":"https:\/\/sprachtherapie-koeln.de\/hoehenberg\/wp-json\/wp\/v2\/comments?post=252"}],"version-history":[{"count":1,"href":"https:\/\/sprachtherapie-koeln.de\/hoehenberg\/wp-json\/wp\/v2\/pages\/252\/revisions"}],"predecessor-version":[{"id":253,"href":"https:\/\/sprachtherapie-koeln.de\/hoehenberg\/wp-json\/wp\/v2\/pages\/252\/revisions\/253"}],"up":[{"embeddable":true,"href":"https:\/\/sprachtherapie-koeln.de\/hoehenberg\/wp-json\/wp\/v2\/pages\/103"}],"wp:attachment":[{"href":"https:\/\/sprachtherapie-koeln.de\/hoehenberg\/wp-json\/wp\/v2\/media?parent=252"}],"wp:term":[{"taxonomy":"post_tag","embeddable":true,"href":"https:\/\/sprachtherapie-koeln.de\/hoehenberg\/wp-json\/wp\/v2\/tags?post=252"}],"curies":[{"name":"wp","href":"https:\/\/api.w.org\/{rel}","templated":true}]}}