{"id":39,"date":"2017-12-08T13:02:36","date_gmt":"2017-12-08T12:02:36","guid":{"rendered":"https:\/\/wahrnehmungsfoerderung.de\/sprachtherapie-koeln\/?page_id=39"},"modified":"2018-04-05T14:54:11","modified_gmt":"2018-04-05T12:54:11","slug":"kooperationen","status":"publish","type":"page","link":"https:\/\/sprachtherapie-koeln.de\/hoehenberg\/kooperationen\/","title":{"rendered":"Kooperationen"},"content":{"rendered":"<p>Wir pflegen eine gute Zusammenarbeit mit allen, die f\u00fcr das Weiterkommen unserer Patienten wichtig sind. Dazu geh\u00f6ren (Fach-)\u00c4rzte, Lehrerinnen, Erzieherinnen, Pflegepersonal, Selbsthilfegruppen und Angeh\u00f6rige. Wenn es im Einzelnen von Belang ist, sind wir an einem Erfahrungsaustausch bzw. an einer Arbeitsteilung sehr interessiert.<\/p>\n<p>Generell arbeiten wir auch mit Institutionen zusammen, indem wir jeweils vor Ort Therapien durchf\u00fchren, wenn der verordnende Arzt einen Hausbesuch w\u00fcnscht.<\/p>\n<p>&nbsp;<\/p>\n<ul>\n<li><strong><a href=\"http:\/\/www.foerderinstitut-koeln.de\/\" target=\"_blank\" rel=\"noopener\">F\u00f6rderinstitut ProLog <span class=\"caps\">WISSEN<\/span><\/a><\/strong><\/li>\n<\/ul>\n","protected":false},"excerpt":{"rendered":"<p>Wir pflegen eine gute Zusammenarbeit mit allen, die f\u00fcr das Weiterkommen unserer Patienten wichtig sind. Dazu geh\u00f6ren (Fach-)\u00c4rzte, Lehrerinnen, Erzieherinnen, Pflegepersonal, Selbsthilfegruppen und Angeh\u00f6rige. Wenn es im Einzelnen von Belang ist, sind wir an einem Erfahrungsaustausch bzw. an einer Arbeitsteilung<\/p>\n","protected":false},"author":1,"featured_media":0,"parent":0,"menu_order":0,"comment_status":"closed","ping_status":"closed","template":"","meta":{"wp_typography_post_enhancements_disabled":false,"footnotes":""},"tags":[],"class_list":["post-39","page","type-page","status-publish","hentry"],"_links":{"self":[{"href":"https:\/\/sprachtherapie-koeln.de\/hoehenberg\/wp-json\/wp\/v2\/pages\/39","targetHints":{"allow":["GET"]}}],"collection":[{"href":"https:\/\/sprachtherapie-koeln.de\/hoehenberg\/wp-json\/wp\/v2\/pages"}],"about":[{"href":"https:\/\/sprachtherapie-koeln.de\/hoehenberg\/wp-json\/wp\/v2\/types\/page"}],"author":[{"embeddable":true,"href":"https:\/\/sprachtherapie-koeln.de\/hoehenberg\/wp-json\/wp\/v2\/users\/1"}],"replies":[{"embeddable":true,"href":"https:\/\/sprachtherapie-koeln.de\/hoehenberg\/wp-json\/wp\/v2\/comments?post=39"}],"version-history":[{"count":4,"href":"https:\/\/sprachtherapie-koeln.de\/hoehenberg\/wp-json\/wp\/v2\/pages\/39\/revisions"}],"predecessor-version":[{"id":119,"href":"https:\/\/sprachtherapie-koeln.de\/hoehenberg\/wp-json\/wp\/v2\/pages\/39\/revisions\/119"}],"wp:attachment":[{"href":"https:\/\/sprachtherapie-koeln.de\/hoehenberg\/wp-json\/wp\/v2\/media?parent=39"}],"wp:term":[{"taxonomy":"post_tag","embeddable":true,"href":"https:\/\/sprachtherapie-koeln.de\/hoehenberg\/wp-json\/wp\/v2\/tags?post=39"}],"curies":[{"name":"wp","href":"https:\/\/api.w.org\/{rel}","templated":true}]}}

<p>Wir pflegen eine gute Zusammenarbeit mit allen, die für das Weiterkommen unserer Patienten wichtig sind. Dazu gehören (Fach-)Ärzte, Lehrerinnen, Erzieherinnen, Pflegepersonal, Selbsthilfegruppen und Angehörige. Wenn es im Einzelnen von Belang ist, sind wir an einem Erfahrungsaustausch bzw. an einer Arbeitsteilung sehr interessiert.</p>
<p>Generell arbeiten wir auch mit Institutionen zusammen, indem wir jeweils vor Ort Therapien durchführen, wenn der verordnende Arzt einen Hausbesuch wünscht.</p>
<p>&nbsp;</p>
<ul>
<li><strong><a href="http://www.foerderinstitut-koeln.de/" target="_blank" rel="noopener">Förderinstitut ProLog <span class="caps">WISSEN</span></a></strong></li>
</ul>

<p>Wir pflegen eine gute Zusammenarbeit mit allen, die für das Weiterkommen unserer Patienten wichtig sind. Dazu gehören (Fach-)Ärzte, Lehrerinnen, Erzieherinnen, Pflegepersonal, Selbsthilfegruppen und Angehörige. Wenn es im Einzelnen von Belang ist, sind wir an einem Erfahrungsaustausch bzw. an einer Arbeitsteilung</p>
