{"id":57,"date":"2017-12-08T13:07:02","date_gmt":"2017-12-08T12:07:02","guid":{"rendered":"https:\/\/wahrnehmungsfoerderung.de\/sprachtherapie-koeln\/?page_id=57"},"modified":"2021-04-07T10:14:56","modified_gmt":"2021-04-07T08:14:56","slug":"raeumlichkeiten","status":"publish","type":"page","link":"https:\/\/sprachtherapie-koeln.de\/hoehenberg\/raeumlichkeiten\/","title":{"rendered":"R\u00e4umlichkeiten"},"content":{"rendered":"<p>Unsere R\u00e4umlichkeiten liegen in H\u00f6henberg, an der Ecke Fuldaer Stra\u00dfe\/Olpener Stra\u00dfe, in unmittelbarer N\u00e4he zur Haltestelle der Linie 1 und zum Bus&nbsp;153.<\/p>\n<p>&nbsp;<\/p>\n<p>Die Praxis befindet sich im 1. Stock des neu errichteten Hauses von ProLog. Unser Team arbeitet in 6 verschiedenen hellen, freundlichen und gro\u00dfen R\u00e4umen.<\/p>\n<p>&nbsp;<\/p>\n<p>Ein Aufzug ist vorhanden.<\/p>\n","protected":false},"excerpt":{"rendered":"<p>Unsere R\u00e4umlichkeiten liegen in H\u00f6henberg, an der Ecke Fuldaer Stra\u00dfe\/Olpener Stra\u00dfe, in unmittelbarer N\u00e4he zur Haltestelle der Linie 1 und zum Bus&nbsp;153. &nbsp; Die Praxis befindet sich im 1. Stock des neu errichteten Hauses von ProLog. Unser Team arbeitet in<\/p>\n","protected":false},"author":1,"featured_media":0,"parent":0,"menu_order":0,"comment_status":"closed","ping_status":"closed","template":"","meta":{"wp_typography_post_enhancements_disabled":false,"footnotes":""},"tags":[],"class_list":["post-57","page","type-page","status-publish","hentry"],"_links":{"self":[{"href":"https:\/\/sprachtherapie-koeln.de\/hoehenberg\/wp-json\/wp\/v2\/pages\/57","targetHints":{"allow":["GET"]}}],"collection":[{"href":"https:\/\/sprachtherapie-koeln.de\/hoehenberg\/wp-json\/wp\/v2\/pages"}],"about":[{"href":"https:\/\/sprachtherapie-koeln.de\/hoehenberg\/wp-json\/wp\/v2\/types\/page"}],"author":[{"embeddable":true,"href":"https:\/\/sprachtherapie-koeln.de\/hoehenberg\/wp-json\/wp\/v2\/users\/1"}],"replies":[{"embeddable":true,"href":"https:\/\/sprachtherapie-koeln.de\/hoehenberg\/wp-json\/wp\/v2\/comments?post=57"}],"version-history":[{"count":8,"href":"https:\/\/sprachtherapie-koeln.de\/hoehenberg\/wp-json\/wp\/v2\/pages\/57\/revisions"}],"predecessor-version":[{"id":445,"href":"https:\/\/sprachtherapie-koeln.de\/hoehenberg\/wp-json\/wp\/v2\/pages\/57\/revisions\/445"}],"wp:attachment":[{"href":"https:\/\/sprachtherapie-koeln.de\/hoehenberg\/wp-json\/wp\/v2\/media?parent=57"}],"wp:term":[{"taxonomy":"post_tag","embeddable":true,"href":"https:\/\/sprachtherapie-koeln.de\/hoehenberg\/wp-json\/wp\/v2\/tags?post=57"}],"curies":[{"name":"wp","href":"https:\/\/api.w.org\/{rel}","templated":true}]}}

Räumlichkeiten

<p>Unsere Räumlichkeiten liegen in Höhenberg, an der Ecke Fuldaer Straße/Olpener Straße, in unmittelbarer Nähe zur Haltestelle der Linie 1 und zum Bus&nbsp;153.</p>
<p>&nbsp;</p>
<p>Die Praxis befindet sich im 1. Stock des neu errichteten Hauses von ProLog. Unser Team arbeitet in 6 verschiedenen hellen, freundlichen und großen Räumen.</p>
<p>&nbsp;</p>
<p>Ein Aufzug ist vorhanden.</p>

<p>Unsere Räumlichkeiten liegen in Höhenberg, an der Ecke Fuldaer Straße/Olpener Straße, in unmittelbarer Nähe zur Haltestelle der Linie 1 und zum Bus&nbsp;153. &nbsp; Die Praxis befindet sich im 1. Stock des neu errichteten Hauses von ProLog. Unser Team arbeitet in</p>
